vert -12 (base 5) to base 7.
-10
What is -11011 (base 2) in base 11?
-25
1000 (base 2) to base 16
8
What is -132 (base 5) in base 13?
-33
What is -2 (base 15) in base 11?
-2
What is 1010 (base 2) in base 16?
a
Convert -3 (base 7) to base 2.
-11
34 (base 8) to base 12
24
Convert 10 (base 6) to base 2.
110
1 (base 3) to base 6
1
What is 269 (base 10) in base 5?
2034
Convert -7e (base 15) to base 3.
-11102
-2 (base 15) to base 6
-2
-2 (base 6) to base 13
-2
What is 4c (base 14) in base 5?
233
Convert -2202 (base 3) to base 11.
-68
Convert -3 (base 15) to base 7.
-3
What is 95 (base 11) in base 14?
76
-12 (base 16) to base 6
-30
-3 (base 9) to base 11
-3
66 (base 14) to base 9
110
-3b (base 13) to base 4
-302
Convert 4 (base 13) to base 15.
4
Convert -26 (base 15) to base 9.
-40
-11b (base 13) to base 11
-166
1120 (base 3) to base 4
222
Convert 1101 (base 2) to base 13.
10
Convert -43 (base 5) to base 13.
-1a
Convert -1 (base 2) to base 12.
-1
What is 1 (base 16) in base 15?
1
What is 1210 (base 3) in base 7?
66
What is 69 (base 16) in base 5?
410
10 (base 2) to base 16
2
-10 (base 12) to base 3
-110
b (base 14) to base 4
23
Convert -35 (base 7) to base 6.
-42
Convert -2 (base 9) to base 15.
-2
20 (base 7) to base 16
e
What is -46 (base 11) in base 6?
-122
-4 (base 13) to base 16
-4
-44 (base 6) to base 14
-20
Convert -11 (base 9) to base 10.
-10
What is 2 (base 7) in base 14?
2
Convert -33 (base 4) to base 3.
-120
Convert 4 (base 11) to base 15.
4
What is 23 (base 8) in base 5?
34
Convert 5 (base 8) to base 12.
5
Convert -4 (base 7) to base 13.
-4
Convert -4 (base 16) to base 6.
-4
What is 50 (base 13) in base 10?
65
Convert 0 (base 15) to base 2.
0
Convert -25 (base 6) to base 16.
-11
Convert -411 (base 7) to base 3.
-21120
What is 55 (base 8) in base 10?
45
6 (base 15) to base 3
20
Convert -2 (base 7) to base 16.
-2
Convert 19 (base 14) to base 13.
1a
Convert 2 (base 16) to base 14.
2
Convert -b (base 13) to base 10.
-11
9 (base 15) to base 10
9
What is -3 (base 4) in base 3?
-10
10001100 (base 2) to base 7
260
Convert 1 (base 8) to base 4.
1
-4 (base 6) to base 8
-4
Convert 4 (base 6) to base 4.
10
What is -25 (base 12) in base 4?
-131
-1000101 (base 2) to base 6
-153
-45 (base 6) to base 9
-32
Convert -10001110 (base 2) to base 12.
-ba
61 (base 16) to base 9
117
-3 (base 6) to base 7
-3
What is 11 (base 4) in base 16?
5
4 (base 9) to base 16
4
What is -14 (base 6) in base 2?
-1010
Convert 39 (base 11) to base 5.
132
Convert -1 (base 12) to base 15.
-1
What is 12 (base 8) in base 15?
a
Convert 1 (base 5) to base 4.
1
What is 78 (base 10) in base 4?
1032
Convert 42 (base 14) to base 2.
111010
Convert -61 (base 10) to base 9.
-67
Convert -2101 (base 3) to base 4.
-1000
-2 (base 15) to base 6
-2
What is 1c (base 16) in base 15?
1d
Convert 20 (base 10) to base 7.
26
3 (base 9) to base 5
3
What is -2 (base 7) in base 5?
-2
100 (base 4) to base 12
14
Convert -2 (base 8) to base 7.
-2
Convert 6 (base 15) to base 14.
6
Convert -1113 (base 5) to base 8.
-236
What is 101101101 (base 2) in base 5?
2430
3 (base 9) to base 6
3
0 (base 16) to base 13
0
Convert 4 (base 11) to base 10.
4
-1 (base 13) to base 12
-1
Convert 1201 (base 3) to base 2.
101110
What is 0 (base 8) in base 15?
0
-11101 (base 2) to base 7
-41
Convert 153 (base 6) to base 7.
126
What is -412 (base 6) in base 12?
-108
Convert -330 (base 5) to base 16.
-5a
Convert -320 (base 5) to base 12.
-71
What is a (base 15) in base 13?
a
Convert 21201 (base 3) to base 2.
11010000
Convert -1 (base 4) to base 12.
-1
-11 (base 9) to base 16
-a
Convert -21 (base 7) to base 16.
-f
What is -18 (base 10) in base 16?
-12
What is -31 (base 7) in base 9?
-24
What is -2002 (base 3) in base 2?
-111000
101 (base 3) to base 8
12
Convert 149 (base 13) to base 12.
172
218 (base 10) to base 12
162
Convert -100 (base 3) to base 4.
-21
-19 (base 15) to base 14
-1a
Convert -4 (base 16) to base 6.
-4
5c (base 14) to base 3
10001
Convert -87 (base 11) to base 4.
-1133
What is b (base 16) in base 14?
b
-35 (base 6) to base 2
-10111
What is -1003 (base 4) in base 9?
-74
Convert -3 (base 16) to base 8.
-3
Convert 0 (base 6) to base 10.
0
-25 (base 12) to base 16
-1d
Convert 31 (base 6) to base 2.
10011
-18 (base 12) to base 11
-19
Convert -21 (base 3) to base 15.
-7
Convert 3 (base 14) to base 5.
3
-80 (base 16) to base 5
-1003
Convert 3 (base 16) to base 8.
3
What is 0 (base 14) in base 7?
0
102 (base 4) to base 8
22
What is -26 (base 9) in base 8?
-30
What is -22 (base 3) in base 14?
-8
-1 (base 14) to base 10
-1
-11 (base 10) to base 6
-15
Convert 41 (base 7) to base 14.
21
2 (base 12) to base 8
2
1010101 (base 2) to base 16
55
1514 (base 6) to base 9
501
Convert -167 (base 9) to base 15.
-97
1 (base 13) to base 14
1
What is 18 (base 14) in base 15?
17
Convert -1011110 (base 2) to base 11.
-86
Convert 101101 (base 2) to base 16.
2d
-12 (base 9) to base 15
-b
What is 7 (base 11) in base 15?
7
0 (base 9) to base 2
0
119 (base 13) to base 2
10111111
Convert -1f (base 16) to base 5.
-111
0 (base 10) to base 14
0
-c (base 14) to base 3
-110
Convert 40 (base 5) to base 7.
26
Convert 1 (base 9) to base 2.
1
1 (base 8) to base 2
1
Convert -257 (base 10) to base 4.
-10001
7 (base 13) to base 12
7
10 (base 6) to base 14
6
Convert -10 (base 4) to base 15.
-4
-2 (base 7) to base 2
-10
313 (base 7) to base 6
421
Convert 214 (base 6) to base 10.
82
Convert -6b (base 15) to base 2.
-1100101
What is 19 (base 10) in base 4?
103
What is 0 (base 12) in base 9?
0
-1 (base 5) to base 16
-1
Convert -63 (base 7) to base 6.
-113
Convert 540 (base 6) to base 14.
108
-5 (base 11) to base 16
-5
What is -98 (base 12) in base 4?
-1310
What is 27 (base 12) in base 5?
111
2213 (base 4) to base 6
435
1001 (base 2) to base 4
21
Convert 10 (base 3) to base 10.
3
Convert -2b (base 15) to base 4.
-221
What is 103 (base 5) in base 4?
130
18 (base 11) to base 12
17
What is -146 (base 8) in base 10?
-102
What is -6 (base 15) in base 16?
-6
3 (base 4) to base 16
3
1 (base 6) to base 7
1
-6b (base 12) to base 11
-76
Convert 0 (base 4) to base 3.
0
164 (base 8) to base 9
138
What is -2 (base 6) in base 11?
-2
-3 (base 7) to base 3
-10
What is -2200 (base 3) in base 8?
-110
What is -11 (base 10) in base 11?
-10
0 (base 11) to base 10
0
What is 1 (base 15) in base 10?
1
a (base 11) to base 9
11
-12 (base 4) to base 9
-6
54 (base 6) to base 5
114
Convert -10 (base 2) to base 13.
-2
What is 0 (base 13) in base 10?
0
47 (base 13) to base 12
4b
What is -10101010 (base 2) in base 13?
-101
What is -ab (base 15) in base 10?
-161
What is -4 (base 10) in base 3?
-11
Convert -3 (base 5) to base 14.
-3
0 (base 16) to base 7
0
Convert 434 (base 6) to base 11.
141
Convert 8 (base 9) to base 14.
8
11220 (base 3) to base 4
2010
Convert -1 (base 7) to base 12.
-1
Convert f (base 16) to base 2.
1111
5 (base 16) to base 9
5
-8 (base 16) to base 7
-11
What is -171 (base 8) in base 16?
-79
2 (base 5) to base 8
2
Convert -1 (base 7) to base 3.
-1
Convert -111 (base 2) to base 6.
-11
Convert 6 (base 15) to base 5.
11
-3 (base 15) to base 2
-11
What is -26 (base 10) in base 2?
-11010
What is 17 (base 16) in base 12?
1b
What is 12 (base 5) in base 11?
7
What is -7e (base 16) in base 2?
-1111110
Convert 164 (base 8) to base 6.
312
Convert -1 (base 6) to base 2.
-1
60 (base 16) to base 14
6c
Convert 101 (base 3) to base 8.
12
110011 (base 2) to base 6
123
-2 (base 15) to base 5
-2
d (base 16) to base 15
d
Convert -120 (base 6) to base 16.
-30
-1a0 (base 12) to base 15
-129
What is -211 (base 3) in base 16?
-16
Convert 197 (base 13) to base 11.
247
Convert -211 (base 13) to base 12.
-254
-6 (base 10) to base 8
-6
Convert 7 (base 10) to base 9.
7
Convert -5 (base 14) to base 5.
-10
-43 (base 5) to base 15
-18
102 (base 3) to base 12
b
Convert -5 (base 14) to base 12.
-5
Convert -33 (base 10) to base 9.
-36
-2 (base 3) to base 8
-2
What is 1 (base 4) in base 9?
1
Convert 16 (base 9) to base 5.
30
Convert 1 (base 10) to base 15.
1
Convert -1c9 (base 14) to base 16.
-175
Convert 33 (base 8) to base 14.
1d
Convert 1 (base 8) to base 14.
1
What is 1 (base 10) in base 15?
1
Convert 15 (base 15) to base 9.
22
9 (base 12) to base 10
9
Convert 111 (base 2) to base 6.
11
Convert 84 (base 13) to ba